04?
16
Calculate the greatest common factor of 23334 and 36.
6
What is the greatest common factor of 3149 and 7379?
47
Calculate the greatest common factor of 4632 and 39951.
579
What is the highest common divisor of 69120 and 300?
60
What is the greatest common divisor of 37961 and 53592?
2233
Calculate the highest common divisor of 4539 and 10506.
51
What is the greatest common divisor of 2730 and 313586?
182
What is the greatest common factor of 2198 and 9002?
14
Calculate the highest common factor of 7203042 and 14.
14
Calculate the greatest common divisor of 496 and 304792.
248
Calculate the greatest common divisor of 15890 and 160.
10
Calculate the greatest common factor of 12 and 4220988.
12
Calculate the greatest common divisor of 1356 and 559463.
113
What is the greatest common factor of 5795 and 6893?
61
Calculate the highest common divisor of 1464 and 66978.
366
What is the highest common factor of 978903 and 69?
69
Calculate the highest common factor of 44810 and 10.
10
What is the highest common divisor of 257 and 109739?
257
What is the highest common factor of 192 and 55908?
12
Calculate the highest common divisor of 51442 and 308074.
578
Calculate the greatest common factor of 650 and 131742.
26
What is the greatest common factor of 189700 and 41300?
700
Calculate the greatest common factor of 368548 and 796.
796
Calculate the highest common factor of 10 and 302280.
10
Calculate the greatest common divisor of 64 and 7656.
8
What is the greatest common factor of 870 and 15602?
58
Calculate the highest common factor of 981 and 495732.
327
What is the highest common divisor of 24 and 31782?
6
Calculate the highest common divisor of 224 and 6784.
32
Calculate the greatest common divisor of 50505 and 2541.
21
What is the greatest common factor of 8622020 and 55?
55
Calculate the greatest common factor of 7155 and 1215.
135
What is the greatest common factor of 171 and 187283?
19
What is the greatest common divisor of 700400 and 515?
515
Calculate the highest common factor of 17148 and 108.
12
Calculate the greatest common divisor of 252 and 23583.
21
What is the greatest common factor of 99 and 606771?
99
Calculate the highest common divisor of 183641 and 449.
449
Calculate the highest common divisor of 32700 and 7200.
300
Calculate the highest common divisor of 560 and 1390.
10
What is the greatest common divisor of 910 and 260?
130
Calculate the greatest common divisor of 27632 and 220.
44
Calculate the highest common divisor of 51095 and 11.
11
Calculate the greatest common divisor of 18564 and 39.
39
Calculate the highest common factor of 8675 and 3123.
347
What is the highest common factor of 98 and 9296?
14
Calculate the greatest common factor of 13634 and 272.
34
Calculate the highest common factor of 510 and 1122.
102
Calculate the highest common divisor of 8 and 167726.
2
What is the highest common factor of 22121523 and 333?
333
What is the greatest common factor of 694820 and 340?
20
What is the highest common divisor of 12079389 and 159?
159
What is the greatest common divisor of 181348 and 120?
4
What is the highest common divisor of 6071208 and 976?
488
Calculate the greatest common divisor of 370 and 5846.
74
Calculate the greatest common divisor of 199107 and 18.
9
Calculate the highest common divisor of 2660 and 3059.
133
Calculate the greatest common factor of 1653 and 3477.
57
What is the greatest common factor of 268177 and 27391?
637
Calculate the greatest common divisor of 10740 and 360.
60
What is the greatest common factor of 42562 and 2054?
26
Calculate the greatest common divisor of 1949507 and 7.
7
What is the highest common factor of 238 and 3206?
14
Calculate the greatest common divisor of 17046 and 4176.
18
What is the greatest common factor of 53999 and 121?
11
What is the highest common divisor of 6958 and 882?
98
Calculate the greatest common divisor of 183964 and 444.
148
Calculate the highest common divisor of 120512 and 464.
16
What is the greatest common divisor of 5974 and 51706?
206
What is the highest common factor of 4245 and 7845?
15
Calculate the greatest common factor of 6318 and 6630.
78
What is the greatest common factor of 45040 and 5067?
563
Calculate the highest common divisor of 29448 and 442947.
1227
Calculate the highest common divisor of 47660 and 96.
4
Calculate the greatest common factor of 5082 and 3488793.
2541
What is the greatest common factor of 162231 and 21?
3
What is the greatest common divisor of 1984 and 77248?
64
What is the greatest common divisor of 22 and 1670537?
11
Calculate the highest common divisor of 10278744 and 366.
366
Calculate the greatest common divisor of 58707 and 396.
99
Calculate the highest common divisor of 14320 and 233416.
1432
Calculate the highest common divisor of 12154 and 5356.
206
Calculate the greatest common factor of 175 and 488453.
7
What is the highest common divisor of 741 and 476463?
741
What is the greatest common factor of 154968 and 504?
24
What is the greatest common divisor of 744 and 5518?
62
Calculate the greatest common divisor of 6552 and 11655.
63
Calculate the greatest common factor of 308344 and 8.
8
What is the highest common factor of 900 and 18660?
60
What is the greatest common factor of 700 and 469?
7
Calculate the greatest common factor of 2578384 and 48.
16
Calculate the greatest common factor of 606107 and 59.
59
Calculate the highest common factor of 3271512 and 12.
12
What is the highest common factor of 190 and 745066?
38
What is the greatest common factor of 25807 and 8777?
131
Calculate the highest common divisor of 13167 and 1008.
63
What is the highest common factor of 12132 and 108?
36
Calculate the greatest common divisor of 3208 and 24616.
8
Calculate the highest common factor of 1075 and 33755.
215
What is the greatest common divisor of 2448 and 1408?
16
What is the highest common factor of 180 and 3812?
4
What is the highest common factor of 28 and 751786?
14
What is the highest common factor of 12901 and 2597?
7
What is the highest common factor of 448282 and 177?
59
Calculate the highest common divisor of 1298 and 103466.
22
What is the greatest common factor of 81 and 2194992?
27
Calculate the highest common factor of 43814 and 4.
2
Calculate the highest common divisor of 938 and 7638.
134
Calculate the greatest common factor of 26649 and 189.
189
Calculate the greatest common divisor of 73800 and 1950.
150
Calculate the greatest common divisor of 1972 and 725.
29
Calculate the greatest common factor of 82950 and 84.
42
Calculate the highest common divisor of 187 and 28710.
11
What is the greatest common factor of 10557 and 54648?
621
What is the highest common divisor of 1771 and 129536?
253
What is the greatest common factor of 40262 and 82?
82
Calculate the highest common divisor of 88349 and 85.
17
Calculate the highest common factor of 99 and 592713.
99
What is the highest common factor of 56322 and 1624?
14
Calculate the greatest common divisor of 235514 and 2.
2
What is the highest common factor of 57 and 201?
3
Calculate the highest common factor of 17593 and 3856.
241
What is the greatest common divisor of 75 and 8835?
15
Calculate the highest common divisor of 42482 and 58.
2
What is the highest common divisor of 1209026 and 104?
26
Calculate the highest common divisor of 6545 and 1890570.
935
Calculate the highest common factor of 142970 and 255.
85
Calculate the greatest common divisor of 288380 and 100.
20
What is the greatest common factor of 1395 and 5229?
9
What is the highest common divisor of 804 and 192826?
134
Calculate the highest common divisor of 710988 and 13425.
537
Calculate the greatest common factor of 9963 and 56619.
243
Calculate the highest common divisor of 7588 and 798908.
1084
Calculate the highest common factor of 142669 and 23.
23
What is the highest common divisor of 2885232 and 3906?
1302
What is the highest common factor of 5041 and 20377?
71
What is the greatest common factor of 82 and 232634?
82
What is the greatest common factor of 10808 and 2316?
772
What is the greatest common divisor of 688 and 105648?
16
What is the greatest common divisor of 346 and 740440?
346
What is the greatest common divisor of 140 and 263270?
70
Calculate the greatest common